01011110
Convert 476 (base 8) to base 6.
1250
What is 95 (base 12) in base 2?
1110001
-73 (base 10) to base 4
-1021
3100011 (base 4) to base 5
411232
Convert -2776 (base 10) to base 8.
-5330
Convert -11001001 (base 2) to base 5.
-1301
Convert -467 (base 12) to base 4.
-22033
What is 2062 (base 8) in base 14?
56a
Convert -484 (base 11) to base 13.
-354
2221101 (base 3) to base 9
2841
Convert -3351 (base 9) to base 6.
-15244
Convert -33e4 (base 15) to base 3.
-120002221
Convert 22222101 (base 3) to base 7.
25036
What is -1205 (base 6) in base 7?
-566
Convert -210014 (base 6) to base 12.
-990a
-49e (base 16) to base 11
-985
What is -1330303 (base 4) in base 10?
-7987
221 (base 11) to base 4
10021
What is -100111100000110 (base 2) in base 11?
-14221
Convert -212112 (base 3) to base 10.
-635
Convert 2b61 (base 16) to base 5.
323410
What is -302 (base 6) in base 8?
-156
Convert -100011001 (base 2) to base 16.
-119
Convert 3043 (base 14) to base 7.
33113
Convert -2031 (base 4) to base 3.
-12020
Convert -c5 (base 15) to base 8.
-271
28 (base 10) to base 3
1001
-212 (base 13) to base 7
-1013
-3352 (base 9) to base 11
-1952
Convert -3342430 (base 5) to base 10.
-59115
Convert 1e40 (base 15) to base 12.
3989
Convert 3734 (base 8) to base 2.
11111011100
-110101111001011 (base 2) to base 3
-1101212001
What is -6171 (base 8) in base 12?
-1a21
Convert -47ab (base 12) to base 3.
-102001012
What is -43224 (base 5) in base 15?
-d0e
-2229 (base 13) to base 16
-129f
What is 11297 (base 11) in base 9?
24343
-120212021 (base 3) to base 12
-6837
Convert 33054 (base 11) to base 13.
18ab5
Convert 226a2 (base 11) to base 4.
20000032
What is -54660 (base 8) in base 13?
-a5b2
-2320 (base 4) to base 8
-270
32298 (base 11) to base 14
13166
Convert 20b5 (base 12) to base 7.
13322
Convert cb (base 13) to base 12.
11b
What is -3073 (base 15) in base 4?
-2133321
-1e0 (base 15) to base 11
-366
Convert 15ba (base 16) to base 14.
2054
What is -6450 (base 8) in base 16?
-d28
Convert 335 (base 7) to base 2.
10101101
Convert -101111011 (base 2) to base 5.
-3004
Convert 20320 (base 5) to base 4.
110313
776 (base 9) to base 4
21330
1354 (base 15) to base 8
10041
-1211 (base 6) to base 7
-601
Convert -330 (base 5) to base 14.
-66
Convert -1407 (base 13) to base 9.
-3850
1380 (base 9) to base 6
4500
Convert 150340 (base 8) to base 13.
1b453
518 (base 13) to base 8
1542
Convert 69c (base 15) to base 12.
a49
Convert -40410 (base 7) to base 15.
-2d8c
Convert -406b (base 13) to base 2.
-10001010101101
What is 2054 (base 11) in base 10?
2721
-350 (base 16) to base 2
-1101010000
Convert -493 (base 11) to base 6.
-2414
What is -1120 (base 6) in base 3?
-100210
What is -20463 (base 10) in base 5?
-1123323
What is -15308 (base 9) in base 12?
-6075
Convert 101213 (base 4) to base 9.
1482
60364 (base 7) to base 12
8547
What is -72 (base 10) in base 3?
-2200
Convert 30640 (base 9) to base 15.
5ec0
What is 40021 (base 6) in base 14?
1c73
What is -6071 (base 9) in base 16?
-1156
Convert 2320 (base 6) to base 7.
1416
7663 (base 14) to base 13
9419
-10260 (base 8) to base 7
-15312
Convert -172 (base 11) to base 13.
-125
What is -aa9 (base 16) in base 3?
-10202002
What is 100010010111 (base 2) in base 3?
10000110
What is -498 (base 10) in base 4?
-13302
Convert 215 (base 13) to base 6.
1352
5a7 (base 13) to base 3
1100101
Convert 349 (base 14) to base 2.
1010001101
-2945 (base 16) to base 13
-4a69
Convert 193 (base 14) to base 15.
16a
Convert 3069 (base 10) to base 5.
44234
What is -223 (base 9) in base 5?
-1213
What is -1643 (base 7) in base 15?
-2e8
35a7 (base 12) to base 8
13617
-10000 (base 7) to base 14
-c37
Convert -312134 (base 7) to base 4.
-31011032
What is 120132 (base 5) in base 9?
6047
Convert -21 (base 11) to base 10.
-23
What is -4020 (base 6) in base 11?
-727
-10203 (base 6) to base 15
-616
What is 110a (base 13) in base 12?
1460
What is -644 (base 7) in base 16?
-146
What is 15421 (base 7) in base 15?
1437
What is -1da (base 16) in base 8?
-732
What is -3b1 (base 16) in base 10?
-945
10000110001 (base 2) to base 3
1110202
What is 24b (base 14) in base 3?
122000
Convert 3037 (base 12) to base 7.
21145
302302 (base 6) to base 2
101110100111110
Convert 18b09 (base 12) to base 7.
210255
What is -13633 (base 7) in base 8?
-7244
What is -2151 (base 6) in base 7?
-1312
Convert 95d7 (base 14) to base 8.
62411
-981 (base 15) to base 7
-6154
-12221101 (base 3) to base 12
-260a
10203012 (base 4) to base 8
44306
1c35 (base 13) to base 12
2579
-1714 (base 10) to base 8
-3262
What is 10023330 (base 4) in base 13?
7a61
What is -332 (base 14) in base 6?
-2532
What is 364 (base 8) in base 15?
114
What is 1386 (base 13) in base 3?
10212020
-95c6 (base 14) to base 4
-12103322
Convert -456 (base 9) to base 11.
-311
-256233 (base 7) to base 13
-189ab
Convert -541025 (base 6) to base 12.
-21775
Convert 442 (base 16) to base 5.
13330
Convert 127b (base 16) to base 2.
1001001111011
-250 (base 15) to base 4
-20031
What is -bcc (base 13) in base 16?
-7eb
-52566 (base 7) to base 5
-403414
Convert 360 (base 9) to base 11.
250
-a0c (base 13) to base 10
-1702
What is 8373 (base 9) in base 4?
1133331
-16511 (base 9) to base 6
-124314
Convert -a80 (base 12) to base 15.
-6c6
What is 2440 (base 15) in base 4?
1320132
1924 (base 14) to base 16
11bc
-395b (base 15) to base 2
-10111111001100
Convert -5910 (base 10) to base 16.
-1716
-3081 (base 9) to base 10
-2260
Convert 120000 (base 3) to base 2.
110010101
What is 15 (base 13) in base 4?
102
Convert -12010 (base 8) to base 10.
-5128
244211 (base 7) to base 5
2412241
What is 46e5 (base 16) in base 9?
26805
21813 (base 9) to base 2
11100010101111
Convert 500152 (base 6) to base 9.
58375
bf7 (base 16) to base 13
1518
Convert 5163 (base 11) to base 3.
100101112
What is 5010 (base 8) in base 12?
15a0
What is -1001220 (base 3) in base 14?
-3da
What is -23141 (base 6) in base 10?
-3301
Convert -1203 (base 7) to base 14.
-23a
Convert -2020 (base 13) to base 15.
-149a
2010223 (base 4) to base 13
3b32
What is 112332 (base 4) in base 3?
2000110
1056 (base 8) to base 2
1000101110
3311404 (base 5) to base 7
325325
Convert 32cc (base 15) to base 13.
4b93
What is 21212 (base 4) in base 14?
31c
a21 (base 12) to base 4
112321
-4466 (base 7) to base 3
-2012212
-2a0 (base 13) to base 11
-396
What is 10111010111 (base 2) in base 8?
2727
-101000011101 (base 2) to base 12
-15b9
-1100303 (base 4) to base 13
-247a
202220 (base 3) to base 16
234
Convert 4401 (base 5) to base 11.
4a7
-198 (base 16) to base 3
-120010
Convert -2200020 (base 3) to base 7.
-5454
What is -20003 (base 7) in base 10?
-4805
Convert 19109 (base 12) to base 9.
54880
What is 1515 (base 12) in base 10?
2465
-4143 (base 5) to base 15
-268
Convert 1694 (base 10) to base 8.
3236
Convert -99a5 (base 12) to base 9.
-25248
Convert c7a (base 16) to base 10.
3194
What is 11aa (base 14) in base 9?
4213
-81 (base 16) to base 8
-201
-8e5 (base 16) to base 3
-10010100
Convert 13421 (base 10) to base 14.
4c69
6235 (base 8) to base 5
100404
What is 2332 (base 11) in base 2?
101111110100
43654 (base 7) to base 15
33b1
Convert 30 (base 13) to base 2.
100111
Convert 10202 (base 5) to base 14.
365
Convert 235221 (base 7) to base 13.
16545
Convert 89f (base 16) to base 9.
3022
121112 (base 3) to base 11
376
21211 (base 3) to base 15
e1
-4bb6 (base 13) to base 15
-32eb
What is 1120 (base 11) in base 14?
774
Convert -7720 (base 14) to base 11.
-14535
What is 101001 (base 2) in base 7?
56
What is -1353 (base 6) in base 4?
-11211
Convert 1113100 (base 4) to base 5.
134314
Convert -4131 (base 7) to base 8.
-2643
Convert 11571 (base 9) to base 16.
1e4f
-1120 (base 10) to base 8
-2140
9094 (base 10) to base 3
110110211
-465 (base 15) to base 2
-1111100011
What is 6067 (base 14) in base 5?
1012210
6201 (base 9) to base 2
1000110111001
-11142 (base 5) to base 14
-40d
Convert 30000 (base 8) to base 11.
9261
Convert 45453 (base 7) to base 6.
125253
What is -705 (base 11) in base 14?
-44c
What is b5 (base 12) in base 8?
211
Convert 1550 (base 7) to base 16.
26f
What is -466 (base 8) in base 3?
-102111
What is 52315 (base 6) in base 4?
1231313
113aa (base 12) to base 2
101100111110010
What is 10356 (base 7) in base 12?
15b9
Convert 2b (base 13) to base